e prime factors of a?
2, 7
List the prime factors of (-69 - -63)/(1 + (-38)/32).
2
Suppose -4*v + 66*h + 5984 = 62*h, -h = 4*v - 5959. List the prime factors of v.
3, 7, 71
Let c(r) = 9*r + 18. Let p(j) = -4*j - 9. Let g(w) = 3*c(w) + 7*p(w). Let x be g(-12). Suppose -14 = -x*t + 61. List the prime factors of t.
5
Suppose 1048*r - 1055*r + 14210 = 0. What are the prime factors of r?
2, 5, 7, 29
Suppose -56 = -2*c - 4*r, 0 = -c - 0*r + 5*r + 63. Suppose 0 = -4*z + 27 - 187. Let g = c - z. List the prime factors of g.
2, 3, 13
Let i(g) = -6*g**2 - 9*g - 3. Let a(r) = -3*r**2 - 5*r - 2. Let l(o) = 5*a(o) - 3*i(o). Suppose 5*n - 18 = 2. What are the prime factors of l(n)?
5, 11
Let v(k) = k**3 + 14*k**2 + 16*k - 21. Suppose -2*a + 5*c - 70 = 3*a, -2*c = 5*a + 56. What are the prime factors of v(a)?
3, 5
Suppose -2*o = 5*a - 6 - 25, 4*a = 4*o + 8. Let v(b) = -2*b**2 + 5*b**3 - 3*b**3 + 4*b**3 - 4*b**o. List the prime factors of v(3).
2, 3
Suppose -18 = 3*u - 2*u. Let m be (9/u)/(2/16). Let k(b) = b**2 - 5*b + 2. What are the prime factors of k(m)?
2, 19
Let t = -11 - -13. Suppose -4 = l - t*o - 1, -3*o = -2*l - 1. List the prime factors of ((-6)/l)/((-2)/98).
2, 3, 7
Suppose 0*m + 12 = 5*i + m, 5*m = 3*i + 4. Suppose i*d - 40 = -o - 1, 18 = o - 5*d. List the prime factors of o.
3, 11
Let n = -30 - -33. Suppose -35 = -n*m - 4*m. Suppose -3*f + 153 = 3*d, -2*f + 25 - 315 = -m*d. List the prime factors of d.
2, 7
Let o = -135 + 269. List the prime factors of o.
2, 67
List the prime factors of -1*4/(-28) + (-18192)/(-7).
23, 113
Let v = -87 - -92. Suppose 5*c - 242 = 2*d, c = v*c + 3*d - 212. What are the prime factors of c?
2, 5
Let u(w) = -8*w**2 - 2*w. Let q be u(-1). Let c be ((-4)/q)/((-2)/3). Let h(d) = -5*d - 1. What are the prime factors of h(c)?
2
Suppose -9*n = -8*n - 125. Let f = n - 50. List the prime factors of f.
3, 5
Let t(r) = 2*r**3 - 3*r**2 - 4*r + 2. Let v be t(3). Let k = 481 + -419. Let o = k - v. What are the prime factors of o?
3, 5
Let x be 1 - -1 - (-2760)/15. Let p = x + -112. What are the prime factors of p?
2, 37
List the prime factors of 10*(-9)/27*-543.
2, 5, 181
Let j be (-70)/(-4) - (75/10)/(-15). Suppose -20*r + j*r + 120 = 0. List the prime factors of r.
2, 3, 5
Let v(g) = -4 - 112*g + 0 + 2. What are the prime factors of v(-1)?
2, 5, 11
Let n be (-2)/(-3) + 12/36. Suppose -4 = -z - n. Suppose z*d - 15 = 2*d. List the prime factors of d.
3, 5
Suppose 2*a - 565 - 3 = 0. List the prime factors of a.
2, 71
List the prime factors of (286/39)/11 + 2479/3.
827
Let k be 5 + 1/((-2)/(-4)). Suppose 0 = l - 1 + k. Let u = 21 - l. What are the prime factors of u?
3
Suppose 141 = 4*x + 3*c - 96, -2*x + 123 = 3*c. Let w(f) = -f**3 + 6*f**2 + 8*f - 7. Let t be w(7). Suppose 5*k - 162 + x = t. What are the prime factors of k?
3, 7
Let w = -15 + 19. List the prime factors of -4 + w - (-33 - -3).
2, 3, 5
Suppose 127 = -f + 5*y, -f = -5*f - y - 445. Let i = f + 325. List the prime factors of i.
3, 71
What are the prime factors of (-18)/7*(-306 + 19)?
2, 3, 41
Let m(g) be the second derivative of -2*g**3/3 - 6*g**2 + 5*g. Let w be m(-8). Suppose -v + w = 3. What are the prime factors of v?
17
Suppose -3490 - 2021 = -4*g + 5*c, 4*g + 4*c - 5520 = 0. List the prime factors of g.
7, 197
Let z = 1895 - 1075. What are the prime factors of z?
2, 5, 41
Let j = 39 - 33. Suppose 213 - 1155 = -j*n. List the prime factors of n.
157
Suppose 2*q + 7 = 3*q. Suppose -q = -2*r - 3*y, -r = -2*r - 3*y + 8. What are the prime factors of r/2 + (-26)/(-4)?
2, 3
Let c(p) = 2*p - 25. Let d be c(13). List the prime factors of d*71*(6 - 3).
3, 71
Suppose -13*t - 9*t + 594 = 0. What are the prime factors of t?
3
Let u = 3989 - 1305. What are the prime factors of u?
2, 11, 61
List the prime factors of 10*(1189/5)/1.
2, 29, 41
Let y be 3 + 0 + (2 - 3) + 1022. Suppose -32 = 8*a - y. List the prime factors of a.
2, 31
Suppose 3*p = -3*q + 1344, 3*q = 5*p - p - 1827. Suppose -3*g - p = -6*g. List the prime factors of g.
151
Let x be 9/3 + -1*3. Suppose 2*m = -x*m - 4*s + 112, -3*m + 168 = -4*s. Let z = m + -16. What are the prime factors of z?
2, 5
Suppose j - 4*c = 2*j - 21, 8 = 4*j - 3*c. Suppose 0 = -3*i + 4*o + 304, j*i - 2*i - 339 = -3*o. Suppose -37 - i = -5*b. What are the prime factors of b?
29
Let i = -24 + 34. Suppose i*r - 289 = 271. List the prime factors of r.
2, 7
Suppose 50 = -5*x - l - 3*l, -3*l + 3 = -3*x. Let g be 0*(-2 - 15/x). Suppose -3*k + g*k + 46 = f, 5*k - 73 = 2*f. List the prime factors of k.
3, 5
Suppose -z + 295 = -6*z. Let r = z - -94. Let w = r + -21. List the prime factors of w.
2, 7
Let c be 3/(-4) - 1281/(-12). List the prime factors of 19 + -19 - (0 - c).
2, 53
Suppose -32 = -5*s - 5*u + 3, 0 = 3*s + 4*u - 20. Let r = 4 + s. What are the prime factors of r?
2, 3
Suppose -817 = -16*c + 431. What are the prime factors of c?
2, 3, 13
Suppose 0 = 2*j + 10 + 10. What are the prime factors of (-1427)/(-5) + 4/j?
3, 5, 19
Let k = -4 + 61. Let c = k + -3. List the prime factors of c.
2, 3
Let x(j) = -85*j + 115. List the prime factors of x(-9).
2, 5, 11
Suppose h - 20 = -3*h. Suppose -2*s = -h*s + 2*a + 2, -2*a = -5*s + 2. Suppose 0*k + 2*k - 16 = s. List the prime factors of k.
2
Let k be 141 - 1 - 1*-1. Suppose -663 - k = -4*t. List the prime factors of t.
3, 67
Let o = 10 - 10. Suppose 0 = u + 3*k + 2, -4*u - 2*k + o*k = -12. Suppose -u*t + t = -6. What are the prime factors of t?
2
What are the prime factors of ((-4)/10)/(6/(-42615))?
3, 947
Suppose -4*d + 2*d - 70 = 0. Let m be ((-944)/40)/((-4)/(-5))*-2. Let n = m + d. List the prime factors of n.
2, 3
Let m(s) = 4*s**2 + 76*s + 3. What are the prime factors of m(-23)?
7, 53
Suppose -2*n + 1 - 25 = 0. Let a = n + 2. List the prime factors of a/6*126/(-7).
2, 3, 5
Suppose 7*g - 3*g + 1884 = 4*l, 2359 = 5*l - 4*g. What are the prime factors of l?
5, 19
Suppose -n + 3*d + 12 = n, -4 = -5*n + d. Suppose -3*h - 36 + 186 = n. List the prime factors of h.
2, 5
Let z(x) = -11*x - 8. Suppose 5*w + 45 = -5*s, 28 = -w - 3*w + 4*s. Let n be z(w). Suppose -f - n = -3*f. List the prime factors of f.
2, 5
Suppose -2*y - 5*i = -29, 3*y - 2*i = 3*i - 19. Suppose -2*h + 5*q = -7 - 18, y*h + 2*q + 10 = 0. Let k(c) = -c**2 + 20. List the prime factors of k(h).
2, 5
Let g(n) = n**3 + 2*n**2 - 2*n + 425. List the prime factors of g(0).
5, 17
Suppose -4*z - v = -460, -3*z + 366 = 4*v + 34. What are the prime factors of z?
2, 29
Suppose 107008 = -49*z + 65*z. List the prime factors of z.
2, 11, 19
Suppose -64 - 48 = -7*o. Suppose 5456 - 1568 = o*l. List the prime factors of l.
3
Let j be (-210)/(-14) + (1 - 1). Let a = j + -10. Suppose -31 - 28 = -2*i + a*h, 0 = 3*h + 15. List the prime factors of i.
17
List the prime factors of (6969/(-4))/((-294)/392).
23, 101
Let h be 744/(-20)*20/(-6). Let g = h + -80. What are the prime factors of g?
2, 11
Suppose -2*g - 4*s + 63 = 215, -g - 5*s = 61. Let r = g - -113. List the prime factors of r.
3
Let f(t) be the third derivative of 0 + 7*t**2 + 1/4*t**4 + 4/3*t**3 + 0*t. What are the prime factors of f(5)?
2, 19
Let n(q) = 4*q - 15. Let w be n(6). Suppose -3*m + w = 0, z = 3*z - m - 1. Suppose x - l - z*l = 60, 260 = 5*x - 5*l. List the prime factors of x.
2, 3
Suppose 12*n = -8742 + 29286. What are the prime factors of n?
2, 107
Let s(v) = v - 6. Let a be s(-3). Let l = a - -24. List the prime factors of ((-58)/(-3))/(10/l).
29
Let b(r) = -10*r + 6. Let k be b(-4). Suppose -2*s + 4*w = -k, 5*s = s - w + 128. List the prime factors of s.
31
Suppose -3*o + 2*r + 422 = -1322, 4*o + 5*r - 2287 = 0. List the prime factors of o.
2, 17
Let o(m) = -3*m - 33. Let b(d) = 8*d + 100. Let t(w) = 5*b(w) + 14*o(w). What are the prime factors of t(16)?
2, 3
Let i(s) = 4*s**2 + 2*s - 17. Let t(l) = 5*l**2 + 2*l - 18. Let j(g) = 4*i(g) - 3*t(g). What are the prime factors of j(6)?
2, 17
Let f = -2217 - -4229. What are the prime factors of f?
2, 503
Let v be ((-1 + 1)/(-4))/2. Suppose v*j = -j + 4. What are the prime factors of (16/(-12))/j*-69?
23
Suppose 3*p - 6*p + 443 = x, 12 = -4*p. What are the prime factors of x?
2, 113
Let n = 150 - -72. Suppose -41*u = -47*u + n. What are the prime factors of u?
37
Let h(a) be the second derivative of a**4/6 + 13*a**3/6 - 11*a**2 + 13*a. 